Let l(w) = -12*w**2 - 1777*w - 143. Determine l(-148).
5
Let z(h) = 1023*h + 991. What is z(-1)?
-32
Let a(z) = -42*z - 107. Determine a(-8).
229
Let o(q) = 29*q**3 + q**2 + 11*q + 13. What is o(-2)?
-237
Let c(s) = 978*s + 2928. Calculate c(-3).
-6
Let u(d) = -d**2 + 21*d - 9. Give u(10).
101
Let g(v) = 4*v**3 - 2*v**2 - 10*v + 23. Determine g(2).
27
Let g(n) = -5*n**2 + 11*n - 109. What is g(8)?
-341
Let y(x) = -x**3 + 11*x**2 - 11*x + 93. What is y(11)?
-28
Let z(j) = 8*j**3 + 39*j**2 - 196*j + 35. Calculate z(-8).
3
Let k(c) = -2*c**2 + 71*c - 96. What is k(34)?
6
Let x(a) = 20*a + 4. Calculate x(5).
104
Let y(i) = -31*i + 7666. What is y(249)?
-53
Let m(i) = -i**2 + 14*i + 37. Calculate m(17).
-14
Let p(f) = 1201*f + 40841. Give p(-34).
7
Let f(i) = -20*i**3 - 66*i**2 + 22*i + 115. What is f(-3)?
-5
Let d(i) = -i**3 - 31*i**2 - 184*i - 27. Calculate d(-23).
-27
Let f(p) = 5*p**2 - 93*p - 542. What is f(23)?
-36
Let h(k) = -25*k - 951. Determine h(-38).
-1
Let t(x) = -176*x - 4904. What is t(-28)?
24
Let r(b) = b**2 + 136*b + 3407. Calculate r(-34).
-61
Let r(s) = -36*s + 563. Give r(5).
383
Let z(n) = n**2 + 28*n - 506. Determine z(12).
-26
Let z(l) = 2*l**3 - l**2 + 6*l + 19. Calculate z(0).
19
Let d(l) = -48*l + 662. Determine d(14).
-10
Let x(t) = 3704*t + 14821. Determine x(-4).
5
Let a(f) = 11*f + 14. Calculate a(9).
113
Let i(u) = u**2 + 17*u - 78. Determine i(5).
32
Let b(d) = 1730*d + 5191. Give b(-3).
1
Let u(b) = -18*b**3 - 3*b**2 + 81*b - 159. Give u(2).
-153
Let t(f) = -4*f**3 + 87*f**2 + 25*f - 63. Determine t(22).
3
Let n(h) = 3*h**3 - 7*h**2 - 103*h + 399. Calculate n(4).
67
Let m(b) = b**3 + 15*b**2 + 11*b + 97. Give m(-13).
292
Let b(y) = 12*y**3 + 48*y**2 - 9*y - 28. Give b(-4).
8
Let n(g) = -2*g**3 - 9*g**2 + 487*g + 15. Calculate n(-18).
-3
Let h(c) = -4*c - 111. What is h(13)?
-163
Let y(k) = 3*k**2 - 4*k - 304. Calculate y(-9).
-25
Let r(n) = -82*n - 6976. Calculate r(-85).
-6
Let a(n) = -5*n**2 + 14*n + 535. Give a(-9).
4
Let g(k) = -k**2 + 56*k - 419. Give g(9).
4
Let q(y) = 70*y - 1320. Determine q(19).
10
Let o(v) = 34*v**2 + 8*v + 42. Calculate o(-3).
324
Let a(v) = -v**2 + 93*v - 1455. Give a(20).
5
Let a(d) = 486*d + 18464. What is a(-38)?
-4
Let f(p) = 70*p - 39. Give f(0).
-39
Let h(x) = 19*x - 1195. Calculate h(65).
40
Let h(c) = 385*c - 1172. Determine h(3).
-17
Let v(g) = -27*g**2 + 2*g + 11. Determine v(-3).
-238
Let h(k) = 4*k**3 - 68*k**2 + 20*k - 330. What is h(17)?
10
Let b(s) = -217*s - 3292. Calculate b(-15).
-37
Let k(g) = 33*g + 219. Calculate k(-12).
-177
Let y(n) = -17*n**2 - 18*n - 4. What is y(6)?
-724
Let i(j) = -160*j + 10716. What is i(67)?
-4
Let x(n) = 128*n - 617. Determine x(5).
23
Let t(w) = 2*w**2 - 35*w - 10. Determine t(20).
90
Let a(r) = r**3 - 72*r**2 + 140*r - 4. What is a(70)?
-4
Let s(q) = q**2 - 3*q - 14. Give s(11).
74
Let p(d) = 75*d + 2618. Calculate p(-35).
-7
Let n(o) = -o**3 + 6*o**2 + 34*o + 28. Give n(-3).
7
Let z(w) = 492*w + 160885. Determine z(-327).
1
Let q(g) = 124*g - 2403. Calculate q(19).
-47
Let o(q) = -q**2 + 52*q + 440. What is o(-14)?
-484
Let b(p) = -32*p + 836. Calculate b(23).
100
Let j(u) = -u**3 - 8*u**2 + 27*u + 59. Calculate j(-10).
-11
Let w(f) = -f**3 - 10*f**2 + 15*f - 105. Determine w(-13).
207
Let q(n) = -3*n**2 - 27*n - 20. Give q(-11).
-86
Let d(o) = -56*o**2 - 6774*o + 231. What is d(-121)?
-11
Let v(b) = -1496*b - 26924. Calculate v(-18).
4
Let y(n) = 6*n + 56. Determine y(-9).
2
Let y(v) = -v**3 - 19*v**2 - 50*v - 28. Determine y(-14).
-308
Let q(r) = 3*r + 10. Calculate q(-31).
-83
Let s(r) = 2*r**2 + 5800*r + 40494. Calculate s(-7).
-8
Let g(p) = -p**3 + 70*p**2 - 68*p - 62. What is g(69)?
7
Let s(w) = w**3 + 39*w**2 + 121*w + 300. Calculate s(-36).
-168
Let b(n) = 1331*n - 10641. What is b(8)?
7
Let f(u) = -303*u - 11211. Calculate f(-37).
0
Let k(c) = c**3 - 7*c**2 - 9*c - 91. Give k(9).
-10
Let g(v) = v**3 + 5*v**2 - 4*v + 5. Calculate g(-5).
25
Let o(y) = 2*y**2 + 66*y - 2448. Determine o(22).
-28
Let x(z) = -90*z - 137. What is x(3)?
-407
Let k(y) = 142*y - 826. What is k(6)?
26
Let h(b) = -4*b**2 - 138*b + 188. Calculate h(-36).
-28
Let j(z) = -z**3 - 16*z**2 + 163*z + 22. Give j(-23).
-24
Let p(w) = -4*w**2 + 19*w + 9. Determine p(-4).
-131
Let y(x) = -2*x**2 - 23*x + 22. Calculate y(0).
22
Let d(f) = -3*f**3 + 13*f**2 - 5*f + 9. Determine d(6).
-201
Let r(m) = 145*m - 1388. Determine r(9).
-83
Let u(j) = 108*j - 856. Give u(8).
8
Let i(r) = 26*r + 662. Give i(-26).
-14
Let s(p) = 173*p + 539. Determine s(-3).
20
Let x(m) = m**2 - 15*m - 10665. Calculate x(-96).
-9
Let x(i) = i**3 + 26*i**2 + 137*i + 372. Give x(-20).
32
Let z(i) = -2*i**2 + 95*i - 148. What is z(46)?
-10
Let o(x) = -x**3 - 9*x**2 - 28*x - 253. Calculate o(-9).
-1
Let n(m) = m**2 - 140*m - 4900. Give n(-29).
1
Let p(q) = -27*q - 417. Determine p(-12).
-93
Let n(s) = -2*s**2 - 58*s + 878. Determine n(-40).
-2
Let h(s) = -13*s**3 + 366*s**2 - 42*s - 414. Calculate h(28).
-22
Let n(c) = -c**2 + 8*c + 155. Calculate n(-8).
27
Let t(o) = -4*o**2 - 108*o - 203. What is t(-25)?
-3
Let s(p) = 9*p**2 + 9*p - 7. Determine s(1).
11
Let f(j) = 69*j + 377. What is f(-5)?
32
Let o(k) = -91*k + 967. What is o(10)?
57
Let w(o) = -2*o**3 + 56*o**2 - 4*o + 87. Calculate w(28).
-25
Let f(t) = 40*t + 546. Determine f(-13).
26
Let i(m) = 364*m - 3988. Calculate i(11).
16
Let a(y) = -666*y + 9328. What is a(14)?
4
Let l(k) = -707*k - 1936. Determine l(-3).
185
Let y(w) = 13*w**2 - 95*w + 3. Calculate y(7).
-25
Let h(c) = -65*c**2 + 367*c + 3. Determine h(5).
213
Let y(s) = 1639*s + 13118. Calculate y(-8).
6
Let y(x) = -x**2 + 35*x - 20. Determine y(29).
154
Let b(p) = p**3 - 2*p**2 - 31*p - 17. Calculate b(-5).
-37
Let j(k) = 3*k - 33. What is j(6)?
-15
Let l(a) = 9*a + 258. Determine l(-40).
-102
Let c(h) = h**3 - 5*h**2 + 4*h - 22. Give c(7).
104
Let g(q) = 15*q + 1046. Give g(-64).
86
Let n(t) = 20*t - 195. Calculate n(6).
-75
Let n(d) = 14*d + 677. Calculate n(-47).
19
Let r(g) = g**3 - 2*g**2 - 16*g - 48. Calculate r(7).
85
Let w(g) = g**2 - 4*g - 1763. Calculate w(44).
-3
Let k(r) = 47*r + 4813. Determine k(-102).
19
Let h(v) = -64*v + 306. Calculate h(4).
50
Let w(z) = 18*z + 1109. What is w(-62)?
-7
Let r(t) = t**3 - 22*t**2 + 15*t - 336. Determine r(22).
-6
Let j(q) = -q**2 - 54*q + 973. Calculate j(14).
21
Let d(t) = t**3 + 66*t**2 + 680*t - 451. Calculate d(-53).
26
Let h(z) = -220*z + 1557. Determine h(8).
-203
Let k(d) = 2*d**3 - 184*d**2 - 572*d + 71. What is k(95)?
-119
Let h(m) = 4*m**2 + 15*m - 1603. Give h(-22).
3
Let a(w) = -262*w - 2109. What is a(-8)?
-13
Let r(u) = -465*u - 117177. Calculate r(-252).
3
Let v(t) = 14*t**3 - 7*t**2 + t. Determine v(-2).
-142
Let h(w) = 7*w**3 - 49*w**2 - w + 24. What is h(4)?
-316
Let r(k) = -9*k**2 + 68*k + 451. Give r(-8).
-669
Let c(f) = -11*f + 45. Give c(-4).
89
Let f(d) = 2*d**2 + 141*d + 75. What is f(-70)?
5
Let r(y) = y**2 + 184*y + 2. Give r(0).
2
Let f(w) = -3*w**2 + 3*w - 44. Calculate f(0).
-44
Let c(o) = -1560*o - 14039. Give c(-9).
1
Let b(x) = 30*x**2 + 32*x - 56. Determine b(2).
128
Let t(g) = g**2 + 68*g - 1471. What is t(21)?
398
Let n(b) = 7*b + 180. Give n(-4).
152
Let a(o) = 3*o**2 + 86*o + 75. Calculate a(-28).
19
Let u(z) = -z**3 + 9*z**2 + 4*z - 26. Calculate u(8).
70
Let p(b) = 62*b**3 - 2*b**2 - 3*b + 4. Determine p(1).
61
Let z(w) = w**3 + 9*w**2 - 17*w - 62. Give z(-10).
8
Let b(u) = 24*u**3 - u**2 + 3*u - 4. Determine b(1).
22
Let r(x) = 2*x**3 - 210*x**2 - 3*x + 309. Determine r(105).
-6
Let l(d) = d**3 + 19*d**2 + 121*d + 546. What is l(-13)?
-13
Let c(i) = 26*i - 40. Give c(-8).
-248
Let x(p) = 13*p**3 - 77*p**2 - 10*p + 12. Calculate x(6).
-12
Let p(x) = -x**2 + 106*x - 1793. Give p(22).
55
Let i(y) = -y**3 - 86*y**2 + 176*y - 6. Determine i(-88).
-6
Let q(a) = a**3 + 8*a**2 - 5*a - 62. Give q(-7).
22
Let u(m) = -m**3 + 69*m**2 - 25*m + 1715. What is u(69)?
-10
Let i(n) = -2*n**3 + 2*n**2 - 12*n + 271. Calculate i(0).
271
Let b(x) = -7*x**3 - 15*x**2 + 4*x + 12. Calculate b(-2).
0
Let l(b) = -2*b**3 - 31*b**2 + 24*b + 17. Give l(-16).
-111
Let d(c) = -2*c**2 + 20*c + 300. Calculate d(-8).
12
Let k(o) = -o + 10. Determine k(35).
-25
Let i(u) = 44*u**2 + 1409*u - 31. What is i(-32)?
-63
Let z(j) 